highest common factor of 117854 and 968.
242
What is the greatest common divisor of 134606 and 68?
34
Calculate the highest common factor of 3863 and 4.
1
What is the greatest common factor of 10 and 131660?
10
Calculate the highest common divisor of 11240 and 640.
40
What is the greatest common factor of 350715 and 2724?
681
What is the greatest common factor of 39 and 481533?
39
Calculate the greatest common divisor of 16 and 128944.
16
Calculate the highest common divisor of 455 and 18291.
91
Calculate the greatest common divisor of 5907 and 112412.
179
What is the greatest common divisor of 146095 and 479?
479
What is the highest common factor of 1258666 and 666?
74
Calculate the highest common factor of 8169 and 63.
21
What is the greatest common factor of 59430 and 420?
210
Calculate the greatest common divisor of 202805 and 7285.
235
What is the greatest common divisor of 1369259 and 1702?
851
What is the greatest common factor of 37880 and 125?
5
What is the greatest common factor of 1804 and 2870328?
164
What is the highest common divisor of 5271 and 1344?
21
Calculate the highest common factor of 77 and 84679.
7
What is the greatest common factor of 51 and 400350?
51
What is the greatest common divisor of 8185 and 185?
5
Calculate the highest common divisor of 442 and 1521208.
26
Calculate the highest common divisor of 16571 and 5621.
73
Calculate the greatest common divisor of 69308 and 20.
4
What is the greatest common factor of 1213326 and 108?
54
Calculate the highest common divisor of 738 and 17794.
82
What is the greatest common divisor of 836640 and 117?
9
Calculate the highest common divisor of 426 and 734637.
213
Calculate the highest common divisor of 54 and 185733.
27
Calculate the highest common divisor of 66 and 77110.
22
Calculate the greatest common divisor of 1959934 and 538.
538
What is the highest common factor of 99 and 65673?
9
What is the highest common factor of 1896 and 97486?
158
What is the highest common factor of 839954 and 436?
218
What is the highest common factor of 2590 and 41810?
370
Calculate the highest common divisor of 1490 and 2384.
298
Calculate the highest common divisor of 18 and 387.
9
Calculate the greatest common factor of 632 and 3424.
8
Calculate the highest common factor of 1000 and 45.
5
Calculate the highest common divisor of 28 and 49280.
28
Calculate the highest common factor of 389 and 222119.
389
What is the greatest common divisor of 1782 and 550?
22
What is the greatest common factor of 18029 and 847?
121
Calculate the greatest common factor of 1528238 and 62.
62
Calculate the greatest common factor of 1119 and 16412.
373
What is the greatest common divisor of 20 and 2728420?
20
Calculate the greatest common divisor of 6298 and 2144.
134
Calculate the greatest common factor of 1317972 and 12.
12
Calculate the greatest common factor of 182373 and 837.
93
What is the greatest common factor of 20545 and 15262?
587
What is the greatest common divisor of 26223730 and 13?
13
What is the greatest common factor of 42342 and 54?
6
Calculate the highest common factor of 432 and 16551.
27
Calculate the greatest common factor of 332 and 1374.
2
What is the highest common divisor of 10580 and 340?
20
Calculate the highest common divisor of 5183 and 146.
73
What is the greatest common factor of 56703 and 4428?
123
What is the highest common factor of 612510 and 510?
510
Calculate the greatest common divisor of 48719 and 412.
103
Calculate the greatest common factor of 1303915 and 355.
355
Calculate the greatest common divisor of 135085 and 5.
5
Calculate the greatest common factor of 282 and 17014.
94
Calculate the greatest common divisor of 197 and 6895.
197
Calculate the greatest common divisor of 18 and 52074.
18
Calculate the greatest common divisor of 40760 and 200.
40
What is the greatest common divisor of 2449 and 155?
31
Calculate the greatest common factor of 1012911 and 51.
51
Calculate the greatest common divisor of 3055 and 15730.
65
Calculate the highest common factor of 1527258 and 456.
114
Calculate the greatest common divisor of 122528 and 547.
547
Calculate the greatest common divisor of 192 and 22224.
48
Calculate the highest common divisor of 267 and 649433.
89
Calculate the highest common factor of 183810 and 10.
10
What is the highest common divisor of 2688 and 34818?
42
What is the greatest common divisor of 103155 and 845?
65
What is the greatest common factor of 240 and 217360?
80
What is the greatest common factor of 9347 and 171841?
719
What is the greatest common factor of 85 and 75055?
85
What is the highest common divisor of 742 and 14999?
53
Calculate the greatest common divisor of 504 and 88848.
72
Calculate the highest common divisor of 46320 and 800.
80
Calculate the highest common divisor of 2460 and 1622370.
1230
What is the highest common divisor of 60 and 585?
15
What is the highest common factor of 1298 and 1916497?
649
Calculate the greatest common factor of 56 and 821464.
56
What is the highest common factor of 172 and 774?
86
Calculate the highest common factor of 13416 and 132096.
1032
What is the greatest common divisor of 132 and 148?
4
What is the highest common factor of 14 and 4922?
2
What is the greatest common divisor of 18075 and 3675?
75
What is the highest common factor of 9762 and 96?
6
Calculate the highest common factor of 3840 and 516.
12
What is the highest common divisor of 1392 and 97152?
48
What is the greatest common divisor of 364 and 5397?
7
What is the greatest common factor of 24 and 146316?
12
What is the highest common divisor of 3294217 and 291?
97
What is the greatest common divisor of 29316 and 420?
84
What is the highest common factor of 4911020 and 31?
31
What is the highest common divisor of 248 and 19448?
8
Calculate the greatest common divisor of 13 and 457223.
13
What is the highest common divisor of 15 and 344385?
15
What is the greatest common factor of 292 and 221993?
73
What is the greatest common factor of 20624 and 1936?
16
Calculate the highest common divisor of 16400 and 45.
5
What is the highest common factor of 658 and 756?
14
What is the highest common factor of 1405844 and 890?
178
Calculate the highest common divisor of 25 and 4955.
5
What is the highest common factor of 16060 and 220?
220
What is the highest common divisor of 40 and 16530960?
40
Calculate the greatest common divisor of 2761 and 7326.
11
What is the greatest common factor of 24 and 2606112?
24
Calculate the highest common factor of 2915 and 68423.
53
Calculate the greatest common factor of 14478 and 18.
6
What is the greatest common factor of 369373 and 145?
29
Calculate the greatest common factor of 318 and 201453.
159
What is the greatest common factor of 743264 and 64?
32
What is the greatest common divisor of 28 and 934444?
28
Calculate the greatest common factor of 108 and 589500.
36
What is the highest common divisor of 9044 and 20468?
476
Calculate the highest common factor of 331869 and 39.
3
Calculate the greatest common factor of 546016 and 96.
32
Calculate the greatest common factor of 65160 and 6.
6
What is the greatest common factor of 4320 and 3096?
72
What is the highest common divisor of 168 and 3000?
24
What is the highest common factor of 6293 and 217?
217
Calculate the greatest common divisor of 35232 and 480.
96
Calculate the greatest common factor of 183 and 176717.
61
What is the highest common factor of 128 and 397?
1
Calculate the highest common divisor of 19684 and 988.
76
What is the greatest common factor of 90 and 192312?
18
What is the greatest common factor of 791485 and 4720?
295
Calculate the highest common factor of 6380 and 2726.
58
Calculate the highest common factor of 64 and 3570192.
16
Calculate the highest common factor of 352 and 14234.
22
Calculate the highest common factor of 860 and 72670.
430
Calculate the greatest common factor of 6157 and 47.
47
What is the greatest common divisor of 9 and 223659?
9
Calculate the highest common divisor of 72520 and 5390.
490
Calculate the highest common divisor of 861 and 40677.
21
What is the highest common divisor of 4830 and 1223370?
690
What is the highest common factor of 19992 and 23664?
408
Calculate the highest common divisor of 189 and 205443.
189
